{"id":1696,"date":"2023-09-11T07:29:03","date_gmt":"2023-09-11T07:29:03","guid":{"rendered":"https:\/\/demo.thepvinhthanh.com\/?post_type=product&#038;p=1696"},"modified":"2025-02-27T12:59:59","modified_gmt":"2025-02-27T12:59:59","slug":"thep-cuon-phosphate","status":"publish","type":"product","link":"https:\/\/thepvinhthanh.com\/?product=thep-cuon-phosphate","title":{"rendered":"Th\u00e9p Cu\u1ed9n Phosphate"},"content":{"rendered":"","protected":false},"excerpt":{"rendered":"<p><span style=\"font-weight: 400;\">Vui <\/span><span style=\"font-weight: 400;\">l\u00f2ng li\u00ean<\/span><span style=\"font-weight: 400;\"> h\u1ec7 v\u1edbi ch\u00fang t\u00f4i \u0111\u1ec3 bi\u1ebft th\u00eam th\u00f4ng tin v\u1ec1 m\u00e1c th\u00e9p v\u00e0 th\u00f4ng s\u1ed1 k\u1ef9 thu\u1eadt. Xin c\u1ea3m \u01a1n.<\/span><\/p>\n","protected":false},"featured_media":2789,"template":"","meta":{"inline_featured_image":false},"product_cat":[282],"product_tag":[],"class_list":{"0":"post-1696","1":"product","2":"type-product","3":"status-publish","4":"has-post-thumbnail","6":"product_cat-thep-cuon-phosphate","8":"first","9":"instock","10":"shipping-taxable","11":"product-type-simple"},"yoast_head":"<!-- This site is optimized with the Yoast SEO plugin v21.0 - https:\/\/yoast.com\/wordpress\/plugins\/seo\/ -->\n<title>Th\u00e9p Cu\u1ed9n Phosphate - C\u00f4ng Ty TNHH Th\u00e9p V\u0129nh Th\u00e0nh<\/title>\n<meta name=\"robots\" content=\"index, follow, max-snippet:-1, max-image-preview:large, max-video-preview:-1\" \/>\n<link rel=\"canonical\" href=\"https:\/\/thepvinhthanh.com\/?product=thep-cuon-phosphate\" \/>\n<meta property=\"og:locale\" content=\"vi_VN\" \/>\n<meta property=\"og:type\" content=\"article\" \/>\n<meta property=\"og:title\" content=\"Th\u00e9p Cu\u1ed9n Phosphate - C\u00f4ng Ty TNHH Th\u00e9p V\u0129nh Th\u00e0nh\" \/>\n<meta property=\"og:description\" content=\"Vui l\u00f2ng li\u00ean h\u1ec7 v\u1edbi ch\u00fang t\u00f4i \u0111\u1ec3 bi\u1ebft th\u00eam th\u00f4ng tin v\u1ec1 m\u00e1c th\u00e9p v\u00e0 th\u00f4ng s\u1ed1 k\u1ef9 thu\u1eadt. Xin c\u1ea3m \u01a1n.\" \/>\n<meta property=\"og:url\" content=\"https:\/\/thepvinhthanh.com\/?product=thep-cuon-phosphate\" \/>\n<meta property=\"og:site_name\" content=\"C\u00f4ng Ty TNHH Th\u00e9p V\u0129nh Th\u00e0nh\" \/>\n<meta property=\"article:modified_time\" content=\"2025-02-27T12:59:59+00:00\" \/>\n<meta property=\"og:image\" content=\"https:\/\/thepvinhthanh.com\/wp-content\/uploads\/2023\/09\/IMG_1977-done-scaled.jpg\" \/>\n\t<meta property=\"og:image:width\" content=\"1920\" \/>\n\t<meta property=\"og:image:height\" content=\"2560\" \/>\n\t<meta property=\"og:image:type\" content=\"image\/jpeg\" \/>\n<meta name=\"twitter:card\" content=\"summary_large_image\" \/>\n<script type=\"application\/ld+json\" class=\"yoast-schema-graph\">{\"@context\":\"https:\/\/schema.org\",\"@graph\":[{\"@type\":\"WebPage\",\"@id\":\"https:\/\/thepvinhthanh.com\/?product=thep-cuon-phosphate\",\"url\":\"https:\/\/thepvinhthanh.com\/?product=thep-cuon-phosphate\",\"name\":\"Th\u00e9p Cu\u1ed9n Phosphate - C\u00f4ng Ty TNHH Th\u00e9p V\u0129nh Th\u00e0nh\",\"isPartOf\":{\"@id\":\"https:\/\/thepvinhthanh.com\/#website\"},\"datePublished\":\"2023-09-11T07:29:03+00:00\",\"dateModified\":\"2025-02-27T12:59:59+00:00\",\"breadcrumb\":{\"@id\":\"https:\/\/thepvinhthanh.com\/?product=thep-cuon-phosphate#breadcrumb\"},\"inLanguage\":\"vi\",\"potentialAction\":[{\"@type\":\"ReadAction\",\"target\":[\"https:\/\/thepvinhthanh.com\/?product=thep-cuon-phosphate\"]}]},{\"@type\":\"BreadcrumbList\",\"@id\":\"https:\/\/thepvinhthanh.com\/?product=thep-cuon-phosphate#breadcrumb\",\"itemListElement\":[{\"@type\":\"ListItem\",\"position\":1,\"name\":\"Trang ch\u1ee7\",\"item\":\"https:\/\/thepvinhthanh.com\/\"},{\"@type\":\"ListItem\",\"position\":2,\"name\":\"S\u1ea3n ph\u1ea9m\",\"item\":\"https:\/\/thepvinhthanh.com\/?page_id=8\"},{\"@type\":\"ListItem\",\"position\":3,\"name\":\"Th\u00e9p Cu\u1ed9n Phosphate\"}]},{\"@type\":\"WebSite\",\"@id\":\"https:\/\/thepvinhthanh.com\/#website\",\"url\":\"https:\/\/thepvinhthanh.com\/\",\"name\":\"C\u00f4ng Ty TNHH Th\u00e9p V\u0129nh Th\u00e0nh\",\"description\":\"\",\"potentialAction\":[{\"@type\":\"SearchAction\",\"target\":{\"@type\":\"EntryPoint\",\"urlTemplate\":\"https:\/\/thepvinhthanh.com\/?s={search_term_string}\"},\"query-input\":\"required name=search_term_string\"}],\"inLanguage\":\"vi\"}]}<\/script>\n<!-- \/ Yoast SEO plugin. -->","yoast_head_json":{"title":"Th\u00e9p Cu\u1ed9n Phosphate - C\u00f4ng Ty TNHH Th\u00e9p V\u0129nh Th\u00e0nh","robots":{"index":"index","follow":"follow","max-snippet":"max-snippet:-1","max-image-preview":"max-image-preview:large","max-video-preview":"max-video-preview:-1"},"canonical":"https:\/\/thepvinhthanh.com\/?product=thep-cuon-phosphate","og_locale":"vi_VN","og_type":"article","og_title":"Th\u00e9p Cu\u1ed9n Phosphate - C\u00f4ng Ty TNHH Th\u00e9p V\u0129nh Th\u00e0nh","og_description":"Vui l\u00f2ng li\u00ean h\u1ec7 v\u1edbi ch\u00fang t\u00f4i \u0111\u1ec3 bi\u1ebft th\u00eam th\u00f4ng tin v\u1ec1 m\u00e1c th\u00e9p v\u00e0 th\u00f4ng s\u1ed1 k\u1ef9 thu\u1eadt. Xin c\u1ea3m \u01a1n.","og_url":"https:\/\/thepvinhthanh.com\/?product=thep-cuon-phosphate","og_site_name":"C\u00f4ng Ty TNHH Th\u00e9p V\u0129nh Th\u00e0nh","article_modified_time":"2025-02-27T12:59:59+00:00","og_image":[{"width":1920,"height":2560,"url":"https:\/\/thepvinhthanh.com\/wp-content\/uploads\/2023\/09\/IMG_1977-done-scaled.jpg","type":"image\/jpeg"}],"twitter_card":"summary_large_image","schema":{"@context":"https:\/\/schema.org","@graph":[{"@type":"WebPage","@id":"https:\/\/thepvinhthanh.com\/?product=thep-cuon-phosphate","url":"https:\/\/thepvinhthanh.com\/?product=thep-cuon-phosphate","name":"Th\u00e9p Cu\u1ed9n Phosphate - C\u00f4ng Ty TNHH Th\u00e9p V\u0129nh Th\u00e0nh","isPartOf":{"@id":"https:\/\/thepvinhthanh.com\/#website"},"datePublished":"2023-09-11T07:29:03+00:00","dateModified":"2025-02-27T12:59:59+00:00","breadcrumb":{"@id":"https:\/\/thepvinhthanh.com\/?product=thep-cuon-phosphate#breadcrumb"},"inLanguage":"vi","potentialAction":[{"@type":"ReadAction","target":["https:\/\/thepvinhthanh.com\/?product=thep-cuon-phosphate"]}]},{"@type":"BreadcrumbList","@id":"https:\/\/thepvinhthanh.com\/?product=thep-cuon-phosphate#breadcrumb","itemListElement":[{"@type":"ListItem","position":1,"name":"Trang ch\u1ee7","item":"https:\/\/thepvinhthanh.com\/"},{"@type":"ListItem","position":2,"name":"S\u1ea3n ph\u1ea9m","item":"https:\/\/thepvinhthanh.com\/?page_id=8"},{"@type":"ListItem","position":3,"name":"Th\u00e9p Cu\u1ed9n Phosphate"}]},{"@type":"WebSite","@id":"https:\/\/thepvinhthanh.com\/#website","url":"https:\/\/thepvinhthanh.com\/","name":"C\u00f4ng Ty TNHH Th\u00e9p V\u0129nh Th\u00e0nh","description":"","potentialAction":[{"@type":"SearchAction","target":{"@type":"EntryPoint","urlTemplate":"https:\/\/thepvinhthanh.com\/?s={search_term_string}"},"query-input":"required name=search_term_string"}],"inLanguage":"vi"}]}},"lang":"vi","translations":{"vi":1696,"en":1699,"zh":1702},"pll_sync_post":[],"_links":{"self":[{"href":"https:\/\/thepvinhthanh.com\/index.php?rest_route=\/wp\/v2\/product\/1696","targetHints":{"allow":["GET"]}}],"collection":[{"href":"https:\/\/thepvinhthanh.com\/index.php?rest_route=\/wp\/v2\/product"}],"about":[{"href":"https:\/\/thepvinhthanh.com\/index.php?rest_route=\/wp\/v2\/types\/product"}],"wp:featuredmedia":[{"embeddable":true,"href":"https:\/\/thepvinhthanh.com\/index.php?rest_route=\/wp\/v2\/media\/2789"}],"wp:attachment":[{"href":"https:\/\/thepvinhthanh.com\/index.php?rest_route=%2Fwp%2Fv2%2Fmedia&parent=1696"}],"wp:term":[{"taxonomy":"product_cat","embeddable":true,"href":"https:\/\/thepvinhthanh.com\/index.php?rest_route=%2Fwp%2Fv2%2Fproduct_cat&post=1696"},{"taxonomy":"product_tag","embeddable":true,"href":"https:\/\/thepvinhthanh.com\/index.php?rest_route=%2Fwp%2Fv2%2Fproduct_tag&post=1696"}],"curies":[{"name":"wp","href":"https:\/\/api.w.org\/{rel}","templated":true}]}}